{"id":360,"date":"2025-01-08T22:20:11","date_gmt":"2025-01-08T21:20:11","guid":{"rendered":"https:\/\/www.iratikotriatloia.eus\/?page_id=360"},"modified":"2025-02-04T12:03:01","modified_gmt":"2025-02-04T11:03:01","slug":"nor-gira","status":"publish","type":"page","link":"https:\/\/www.iratikotriatloia.eus\/fr\/nor-gira\/","title":{"rendered":"Qui sommes-nous ?"},"content":{"rendered":"<div style=\"height:7vh\" aria-hidden=\"true\" class=\"wp-block-spacer\"><\/div>\n\n\n<div class=\"wp-block-image\">\n<figure class=\"aligncenter size-full is-resized\"><img loading=\"lazy\" decoding=\"async\" width=\"938\" height=\"300\" src=\"https:\/\/www.iratikotriatloia.eus\/wp-content\/uploads\/2025\/01\/logo_xiberoko_ikastolak.jpg\" alt=\"\" class=\"wp-image-1194\" style=\"width:763px;height:auto\" srcset=\"https:\/\/www.iratikotriatloia.eus\/wp-content\/uploads\/2025\/01\/logo_xiberoko_ikastolak.jpg 938w, https:\/\/www.iratikotriatloia.eus\/wp-content\/uploads\/2025\/01\/logo_xiberoko_ikastolak-300x96.jpg 300w, https:\/\/www.iratikotriatloia.eus\/wp-content\/uploads\/2025\/01\/logo_xiberoko_ikastolak-768x246.jpg 768w, https:\/\/www.iratikotriatloia.eus\/wp-content\/uploads\/2025\/01\/logo_xiberoko_ikastolak-18x6.jpg 18w\" sizes=\"auto, (max-width: 938px) 100vw, 938px\" \/><\/figure>\n<\/div>\n\n\n<div style=\"height:7vw\" aria-hidden=\"true\" class=\"wp-block-spacer\"><\/div>\n\n\n\n<div class=\"wp-block-columns is-layout-flex wp-container-core-columns-is-layout-9d6595d7 wp-block-columns-is-layout-flex\">\n<div class=\"wp-block-column is-layout-flow wp-block-column-is-layout-flow\">\n<figure class=\"wp-block-image size-large\"><img loading=\"lazy\" decoding=\"async\" width=\"1024\" height=\"768\" src=\"https:\/\/www.iratikotriatloia.eus\/wp-content\/uploads\/2025\/01\/IMG-20240911-WA0002-1024x768.jpg\" alt=\"\" class=\"wp-image-459\" srcset=\"https:\/\/www.iratikotriatloia.eus\/wp-content\/uploads\/2025\/01\/IMG-20240911-WA0002-1024x768.jpg 1024w, https:\/\/www.iratikotriatloia.eus\/wp-content\/uploads\/2025\/01\/IMG-20240911-WA0002-300x225.jpg 300w, https:\/\/www.iratikotriatloia.eus\/wp-content\/uploads\/2025\/01\/IMG-20240911-WA0002-768x576.jpg 768w, https:\/\/www.iratikotriatloia.eus\/wp-content\/uploads\/2025\/01\/IMG-20240911-WA0002-1536x1152.jpg 1536w, https:\/\/www.iratikotriatloia.eus\/wp-content\/uploads\/2025\/01\/IMG-20240911-WA0002-16x12.jpg 16w, https:\/\/www.iratikotriatloia.eus\/wp-content\/uploads\/2025\/01\/IMG-20240911-WA0002.jpg 1600w\" sizes=\"auto, (max-width: 1024px) 100vw, 1024px\" \/><\/figure>\n<\/div>\n\n\n\n<div class=\"wp-block-column is-vertically-aligned-center is-layout-flow wp-block-column-is-layout-flow\">\n<p class=\"p_first_letter\">Parents d'\u00e9l\u00e8ves des Ikastola de Soule, nous avons d\u00e9cid\u00e9 en 2024 de proposer un \u00e9v\u00e9nement sportif au coeur de la soule en langue basque afin de promouvoir et dynamiser le territoire.&nbsp;<\/p>\n\n\n\n<div style=\"height:70px\" aria-hidden=\"true\" class=\"wp-block-spacer\"><\/div>\n\n\n\n<p class=\"p_first_letter\">Tous les b\u00e9n\u00e9fices sont revers\u00e9s aux 2 Ikastola de Ch\u00e9raute et Alos afin de pouvoir financer les postes de salari\u00e9s (ATSEM, garderie\u2026), l'achat de mat\u00e9riel p\u00e9dagogique et assurer le bon fonctionnement de ces \u00e9coles associatives.&nbsp;<\/p>\n\n\n\n<div style=\"height:70px\" aria-hidden=\"true\" class=\"wp-block-spacer\"><\/div>\n\n\n\n<p class=\"p_first_letter\">N'h\u00e9sitez pas \u00e0 aller visiter le site web pour plus d'informations: <a href=\"https:\/\/xiberokoikastolak.eus\/fr\" target=\"_blank\" rel=\"noreferrer noopener\">https:\/\/xiberokoikastolak.eus\/fr<br><\/a><\/p>\n<\/div>\n<\/div>\n\n\n\n<div style=\"height:10vh\" aria-hidden=\"true\" class=\"wp-block-spacer\"><\/div>","protected":false},"excerpt":{"rendered":"<p>Xiberoko ikastolen aitetamek, 2024ean erabaki d\u00fcg\u00fc kirol desafio baten antolatzea Xiberoan, g\u00fcre herriaren igiarazteko eta ezag\u00fctarazteko, Euskararen ing\u00fcr\u00fcan&nbsp; Sos irabazteak Xiberoko 2 ikastolentako dira, gure lan post\u00fcen pakatzeko (haurzain, ATSEM..), tresna pedagogikoen erosteko eta karg\u00fc desberdinen pakatzeko.&nbsp; Informazio haboro gure webgunean: https:\/\/xiberokoikastolak.eus\/<\/p>","protected":false},"author":1,"featured_media":0,"parent":0,"menu_order":0,"comment_status":"closed","ping_status":"closed","template":"","meta":{"_kad_post_transparent":"","_kad_post_title":"default","_kad_post_layout":"","_kad_post_sidebar_id":"","_kad_post_content_style":"","_kad_post_vertical_padding":"","_kad_post_feature":"","_kad_post_feature_position":"","_kad_post_header":false,"_kad_post_footer":false,"_kad_post_classname":"","footnotes":""},"class_list":["post-360","page","type-page","status-publish","hentry"],"_links":{"self":[{"href":"https:\/\/www.iratikotriatloia.eus\/fr\/wp-json\/wp\/v2\/pages\/360","targetHints":{"allow":["GET"]}}],"collection":[{"href":"https:\/\/www.iratikotriatloia.eus\/fr\/wp-json\/wp\/v2\/pages"}],"about":[{"href":"https:\/\/www.iratikotriatloia.eus\/fr\/wp-json\/wp\/v2\/types\/page"}],"author":[{"embeddable":true,"href":"https:\/\/www.iratikotriatloia.eus\/fr\/wp-json\/wp\/v2\/users\/1"}],"replies":[{"embeddable":true,"href":"https:\/\/www.iratikotriatloia.eus\/fr\/wp-json\/wp\/v2\/comments?post=360"}],"version-history":[{"count":34,"href":"https:\/\/www.iratikotriatloia.eus\/fr\/wp-json\/wp\/v2\/pages\/360\/revisions"}],"predecessor-version":[{"id":1321,"href":"https:\/\/www.iratikotriatloia.eus\/fr\/wp-json\/wp\/v2\/pages\/360\/revisions\/1321"}],"wp:attachment":[{"href":"https:\/\/www.iratikotriatloia.eus\/fr\/wp-json\/wp\/v2\/media?parent=360"}],"curies":[{"name":"wp","href":"https:\/\/api.w.org\/{rel}","templated":true}]}}

<div style="height:7vh" aria-hidden="true" class="wp-block-spacer"></div>


<div class="wp-block-image">
<figure class="aligncenter size-full is-resized"><img loading="lazy" decoding="async" width="938" height="300" src="https://www.iratikotriatloia.eus/wp-content/uploads/2025/01/logo_xiberoko_ikastolak.jpg" alt="" class="wp-image-1194" style="width:763px;height:auto" srcset="https://www.iratikotriatloia.eus/wp-content/uploads/2025/01/logo_xiberoko_ikastolak.jpg 938w, https://www.iratikotriatloia.eus/wp-content/uploads/2025/01/logo_xiberoko_ikastolak-300x96.jpg 300w, https://www.iratikotriatloia.eus/wp-content/uploads/2025/01/logo_xiberoko_ikastolak-768x246.jpg 768w, https://www.iratikotriatloia.eus/wp-content/uploads/2025/01/logo_xiberoko_ikastolak-18x6.jpg 18w" sizes="auto, (max-width: 938px) 100vw, 938px" /></figure>
</div>


<div style="height:7vw" aria-hidden="true" class="wp-block-spacer"></div>



<div class="wp-block-columns is-layout-flex wp-container-core-columns-is-layout-9d6595d7 wp-block-columns-is-layout-flex">
<div class="wp-block-column is-layout-flow wp-block-column-is-layout-flow">
<figure class="wp-block-image size-large"><img loading="lazy" decoding="async" width="1024" height="768" src="https://www.iratikotriatloia.eus/wp-content/uploads/2025/01/IMG-20240911-WA0002-1024x768.jpg" alt="" class="wp-image-459" srcset="https://www.iratikotriatloia.eus/wp-content/uploads/2025/01/IMG-20240911-WA0002-1024x768.jpg 1024w, https://www.iratikotriatloia.eus/wp-content/uploads/2025/01/IMG-20240911-WA0002-300x225.jpg 300w, https://www.iratikotriatloia.eus/wp-content/uploads/2025/01/IMG-20240911-WA0002-768x576.jpg 768w, https://www.iratikotriatloia.eus/wp-content/uploads/2025/01/IMG-20240911-WA0002-1536x1152.jpg 1536w, https://www.iratikotriatloia.eus/wp-content/uploads/2025/01/IMG-20240911-WA0002-16x12.jpg 16w, https://www.iratikotriatloia.eus/wp-content/uploads/2025/01/IMG-20240911-WA0002.jpg 1600w" sizes="auto, (max-width: 1024px) 100vw, 1024px" /></figure>
</div>



<div class="wp-block-column is-vertically-aligned-center is-layout-flow wp-block-column-is-layout-flow">
<p class="p_first_letter">Parents d'élèves des Ikastola de Soule, nous avons décidé en 2024 de proposer un événement sportif au coeur de la soule en langue basque afin de promouvoir et dynamiser le territoire.&nbsp;</p>



<div style="height:70px" aria-hidden="true" class="wp-block-spacer"></div>



<p class="p_first_letter">Tous les bénéfices sont reversés aux 2 Ikastola de Chéraute et Alos afin de pouvoir financer les postes de salariés (ATSEM, garderie…), l'achat de matériel pédagogique et assurer le bon fonctionnement de ces écoles associatives.&nbsp;</p>



<div style="height:70px" aria-hidden="true" class="wp-block-spacer"></div>



<p class="p_first_letter">N'hésitez pas à aller visiter le site web pour plus d'informations: <a href="https://xiberokoikastolak.eus/fr" target="_blank" rel="noreferrer noopener">https://xiberokoikastolak.eus/fr<br></a></p>
</div>
</div>



<div style="height:10vh" aria-hidden="true" class="wp-block-spacer"></div>

<p>Xiberoko ikastolen aitetamek, 2024ean erabaki dügü kirol desafio baten antolatzea Xiberoan, güre herriaren igiarazteko eta ezagütarazteko, Euskararen ingürüan&nbsp; Sos irabazteak Xiberoko 2 ikastolentako dira, gure lan postüen pakatzeko (haurzain, ATSEM..), tresna pedagogikoen erosteko eta kargü desberdinen pakatzeko.&nbsp; Informazio haboro gure webgunean: https://xiberokoikastolak.eus/</p>
